15)/6). Let l = g - 4. What is the remainder when 40 is divided by l?
12
Suppose -4*q + 3*q + 7 = 0. What is the remainder when 23 is divided by q?
2
Let o = -423 - -607. Suppose 0 = -4*y + 17 + 7. What is the remainder when 4/(-18) + o/18 is divided by y?
4
Let q(w) = -w**3 - 4*w**2 + 2*w. Suppose 0 = 4*t + z - 26, 2*t - 6*t + 4*z = -16. What is the remainder when q(-5) is divided by t?
3
Let a(r) = -r + 3. Let i be a(5). Let u(l) = -2*l - 1. Let j(v) = -2*v - 2. Let w(m) = -3*j(m) + 4*u(m). Calculate the remainder when 11 is divided by w(i).
5
Suppose -92 = -3*w - 5*g + 105, 4*w + 2*g - 272 = 0. Calculate the remainder when w is divided by 14.
13
Let f = -10 + 36. What is the remainder when f is divided by (-9)/6 + 1 - 15/(-2)?
5
Let t(v) = v**3 - 7*v**2 - 9*v + 12. Let m be t(8). Suppose -m*j = 5*n - 61, 0*n + 5*n = -5*j + 60. Calculate the remainder when 37 is divided by n.
11
Calculate the remainder when 133 is divided by -4 - 19*(-1 - 0).
13
What is the remainder when -3 + 4 - (-4 - 24) is divided by 11?
7
Suppose 3*j + 107 = -154. Let r = -61 - j. Calculate the remainder when r is divided by 9.
8
Suppose 0*d = 4*d - 48. Suppose -5*n = -0*n - 175. Calculate the remainder when n is divided by d.
11
Let s = 24 + -51. Let j(y) = 5*y + 1. Calculate the remainder when (-2)/(-1) - (s + -1) is divided by j(3).
14
Suppose 5*m + 5*x - 45 = 0, 5*x + 3 = m - 0. Let y(q) = -q**3 - q**2 + 66. Let b be y(0). Suppose -u - 2*u = -b. Calculate the remainder when u is divided by m.
6
Suppose -k - y + 30 = -0*k, -2*y + 110 = 4*k. What is the remainder when k is divided by 14?
11
Suppose a - 2*b + 3*b - 7 = 0, 5*a - 4*b = -1. Suppose p + m = 18 - 0, a*m = -2*p + 40. Let r = 127 - 74. Calculate the remainder when r is divided by p.
11
Suppose -282 - 334 = -7*h. What is the remainder when h is divided by 30?
28
Let k(s) = -s**3 + 3*s**2 + 3*s + 1. What is the remainder when 29 is divided by k(3)?
9
Suppose -76 = -3*c - 4*v + 3*v, -v + 49 = 2*c. What is the remainder when c is divided by 10?
7
Let o(k) = 2*k**2 + 0*k + 3 + 2*k + 12*k**2 - 2*k**2. Calculate the remainder when o(-2) is divided by 16.
15
Suppose 0*y - 4*y + 8 = 0. Let t = 3 + 0. Suppose 0 = 4*i + y*s - 34, -i - 21 = -4*i + t*s. What is the remainder when 15 is divided by i?
7
Let l = -11 - -7. Let t = l - -8. Suppose b = -3*w - 1 + 6, 0 = -b + 5*w + 21. Calculate the remainder when b is divided by t.
3
Let t(z) = 3*z**2 + 16*z + 25. Calculate the remainder when t(-6) is divided by 10.
7
Let x = 12 - 8. Let v = 41 - 30. Calculate the remainder when v is divided by x.
3
Let q(h) = -11*h**2 - 8*h + 23. Let u(n) = -7*n**2 - 5*n + 15. Let r(p) = -5*q(p) + 8*u(p). Calculate the remainder when 12 is divided by r(0).
2
Let o(h) be the first derivative of -3*h**2/2 - 2*h + 1. Let n be o(4). Let a = n - -25. What is the remainder when 32 is divided by a?
10
Let b be (-1 - 1 - 2) + 0. What is the remainder when (-6)/b + 21/2 is divided by 5?
2
Let o = 1 - -4. Calculate the remainder when 12 is divided by o.
2
Let g(f) be the third derivative of 7*f**4/12 - f**3/3 - f**2. Suppose 2*w - 2 = q, 0*w = -5*w + 4*q + 2. What is the remainder when g(w) is divided by 14?
12
Suppose u - 15 = d, 3*u + u - 5*d - 61 = 0. Suppose -4*b + 0*p = 4*p - 176, 2*b = -4*p + 94. Calculate the remainder when b is divided by u.
13
Let p(u) be the second derivative of -u**4/12 + 11*u**3/6 - 2*u**2 - 2*u. Calculate the remainder when p(8) is divided by 7.
6
Suppose 8*g - 3*g = 240. Suppose 0*m = 4*m - g. Calculate the remainder when 22 is divided by m.
10
Suppose h + 4*h = 5*g - 110, 2*g - 47 = 3*h. Calculate the remainder when 94 is divided by g.
18
Let b(i) be the second derivative of -2*i**3/3 + 4*i**2 + 4*i. Calculate the remainder when b(-7) is divided by 13.
10
Suppose 202 = 3*o - 308. What is the remainder when o is divided by 43?
41
Calculate the remainder when (-1690)/(-25) - (-9)/(-15) is divided by 23.
21
Suppose 5*l - 12 = m - 0*m, -2*l + 6 = 0. Suppose y = -2*y + 2*q + 16, 4*y - 18 = q. Suppose 0 = f + y*f - 40. Calculate the remainder when f is divided by m.
2
Let d(t) = -8*t**3 + t + 1. What is the remainder when d(-2) is divided by 16?
15
Suppose a - 9 = 6. What is the remainder when 57 is divided by a?
12
Suppose 5*t - 3*t = 68. Suppose 5*n = -2*w - 2 + 33, 0 = n + 1. What is the remainder when t is divided by w?
16
Suppose 0 = 5*h - 10, 5*s - 223 = h - 0*h. Calculate the remainder when s is divided by 12.
9
Let j(b) = b**2 + 2*b - 12. Let p be 135/6 + 2/4. Suppose 2*c - 8 = -3*d + 61, d - p = -3*c. Calculate the remainder when d is divided by j(-6).
11
Suppose -5 + 14 = q. Let n = -537 + 554. What is the remainder when n is divided by q?
8
Suppose m = -0*m + 6. Let p = m - -7. Let s = 22 + 16. What is the remainder when s is divided by p?
12
Calculate the remainder when 1409/7 + 2/(-7) is divided by 34.
31
Suppose -2*d + a + 55 = 2*d, -2*d = -2*a - 20. Suppose -3*j + 58 = p, j = -p + d + 5. Calculate the remainder when j is divided by 5.
4
Suppose -4*t + 2*t = 12. Let l be (-24)/(-9)*(-9)/t. What is the remainder when 7 is divided by l/(-18) - (-58)/18?
1
Suppose 9 = 4*x - 15. Suppose -2*v + x*v - 8 = 0. Let u(t) = t**3 - 5*t**2 + 2*t - 7. Calculate the remainder when u(5) is divided by v.
1
Let p(z) = 2*z + 50. Suppose 0*j - 51 = -3*j. Calculate the remainder when p(0) is divided by j.
16
Let p(k) = 5*k**2 + 3*k + 2. Let h be p(-6). Suppose -w + 2*b + 29 = -15, 4*b + h = 4*w. Suppose 5*m - 111 = -11. What is the remainder when w is divided by m?
18
What is the remainder when 46 is divided by 1/(-3)*((-21)/(-7) - 51)?
14
Let x = 7 - 4. Suppose 3*s = 4*s + 4*g - 46, -3*s - x*g = -93. What is the remainder when s is divided by 7?
5
Let c(p) = p**3 + 10*p**2 + 15*p + 26. Calculate the remainder when 98 is divided by c(-8).
30
What is the remainder when 26 is divided by (-3*(0 + 3))/(-1)?
8
Suppose 3*s - 81 = t + 48, 2*s + t = 81. What is the remainder when s is divided by 11?
9
Let p(v) = v**2 - 4*v + 6. What is the remainder when 105 is divided by p(7)?
24
Suppose 5*q - 5*m - 245 = 0, 2*m = -2*q + 3*q - 54. Suppose 0 = -3*p - g + 46, 3*p - p + 4*g = q. Calculate the remainder when p is divided by 5.
4
Let n(p) = -p - 2. Let a be n(4). Let u be (-2)/(-11) - (-172)/22. Let z = a + u. Calculate the remainder when z is divided by 2.
0
Let j = 120 - 89. Calculate the remainder when 183 is divided by j.
28
Let o be 4*(-1)/(-6)*-3. What is the remainder when -2 - -24 - (-8)/4 is divided by ((-52)/(-8))/((-1)/o)?
11
Suppose 57 = -8*p + 249. Calculate the remainder when 94 is divided by p.
22
Suppose 0 = 2*q - 5*q + 4*x - 8, q + 16 = 4*x. Suppose -m = m + 6. What is the remainder when 3/m*-10*1 is divided by q?
2
Suppose 0*u - 6 = 2*u. Let n = 15 + u. Suppose 69 = 4*j - 19. Calculate the remainder when j is divided by n.
10
Let z = 13 - 19. Let f = -2 - z. Let p = f - -1. Calculate the remainder when 8 is divided by p.
3
Suppose 79 = 5*c - 221. What is the remainder when c is divided by 21?
18
Let i be -9*2*(-1)/6. Suppose -234 = -5*v - i*u, 4*v + 4*u - 6 = 186. What is the remainder when v is divided by 16?
13
Let o(n) = 3*n - 1. What is the remainder when 78 is divided by o(7)?
18
Let a be (1 + -4)*16/6. Let v = a + 13. Let m = v + 9. What is the remainder when 40 is divided by m?
12
Let o(p) = p**3 - 3*p**2 - 6*p - 6. Let f be (-7)/(-4)*(1 + -5). What is the remainder when (-373)/f + 10/(-35) is divided by o(5)?
11
Let w(x) = 5*x**2 - 4*x - 3. Let z = -1 - 1. What is the remainder when w(z) is divided by 9?
7
Suppose -v - 3*v = -3*n + 213, 3*v = -5*n + 384. What is the remainder when n is divided by 19?
18
Calculate the remainder when 24/42 + 1630/14 is divided by 17.
15
Suppose -2*b - 5 = 7. Let d(x) = -2*x + 7. What is the remainder when 37 is divided by d(b)?
18
Let q = -13 + -1. Let d = q + 25. Calculate the remainder when 30 is divided by d.
8
Let g(b) = -b**3 + 6*b**2 - 3*b + 7. Suppose 0 = 5*k - 40 + 15. Calculate the remainder when 32 is divided by g(k).
15
Let c(v) = -v**3 + 3*v**2 + 3*v - 4. What is the remainder when 9 is divided by c(3)?
4
Suppose -3*z + 5*n = -5 - 5, -3*n - 6 = 2*z. Suppose -5 = 6*x + 1. Let v = z - x. What is the remainder when 1 is divided by v?
0
Let c(v) = -v**3 - v + 10. Suppose 4*i =